{"id":4220,"date":"2024-10-11T12:21:56","date_gmt":"2024-10-11T10:21:56","guid":{"rendered":"https:\/\/www.vogelsanginstitut.at\/at\/?page_id=4220"},"modified":"2024-10-11T12:27:27","modified_gmt":"2024-10-11T10:27:27","slug":"fuehrung-durch-den-dom-zu-st-stephan-mit-domarchivar-reinhard-gruber","status":"publish","type":"page","link":"https:\/\/www.vogelsanginstitut.at\/at\/?page_id=4220","title":{"rendered":"F\u00fchrung durch den Dom zu St. Stephan mit Domarchivar Reinhard Gruber"},"content":{"rendered":"\n<p><strong>F\u00fchrung durch den Dom zu St. Stephan mit Domarchivar Reinhard Gruber<\/strong><\/p>\n\n\n\n<p><strong>Montag, 30. September 2024<\/strong><\/p>\n\n\n\n<p>Nach 2023 f\u00fchrte auch heuer wieder Domarchivar Reinhard Gruber eine Gruppe des Karl von Vogelsang-Instituts durch den Dom zu St. Stephan. Keiner der Teilnehmer konnte sich der Faszination der \u201eKathedrale \u00d6sterreichs\u201c entziehen, und Reinhard Gruber verstand es neuerlich, die Sch\u00f6nheiten und die Sch\u00e4tze meisterlich zu beschreiben. Kunst, Kultur, Kirchengeschichte und weltliche Politik verschmelzen in St. Stephan seit beinahe Tausend Jahren, und bildet damit eines der spirituellen und auch emotionalen Zentren unseres Landes.<\/p>\n\n\n\n<p>\u00dcber Details der Au\u00dfenfassade, Ornamente im Kirchenraum, kirchenhistorisch bedeutsame Darstellungen und die Besonderheiten beim Hochaltar bildeten einige der H\u00f6hepunkte der zweist\u00fcndigen Exkursion. Den Abschluss fand die F\u00fchrung am imposanten Dachboden des Domes, der die gewaltige Dimension des Gotteshauses eindringlich vor Augen f\u00fchrt. Danach durften die Teilnehmer noch Wien vom Au\u00dfengang des Kirchendaches aus luftiger H\u00f6he betrachten.<\/p>\n\n\n\n<p>Das Karl von Vogelsang-Institut ist Reinhard Gruber, der auch Mitglied des Wissenschaftlichen Beirates des Instituts ist, dankbar f\u00fcr diese besondere M\u00f6glichkeit.<\/p>\n\n\n\n<figure class=\"wp-block-image size-large\"><img loading=\"lazy\" decoding=\"async\" width=\"1024\" height=\"768\" src=\"http:\/\/www.vogelsanginstitut.at\/at\/wp-content\/uploads\/2024\/10\/IMG_20240930_160552-1024x768.jpg\" alt=\"\" class=\"wp-image-4218\" srcset=\"https:\/\/www.vogelsanginstitut.at\/at\/wp-content\/uploads\/2024\/10\/IMG_20240930_160552-1024x768.jpg 1024w, https:\/\/www.vogelsanginstitut.at\/at\/wp-content\/uploads\/2024\/10\/IMG_20240930_160552-300x225.jpg 300w, https:\/\/www.vogelsanginstitut.at\/at\/wp-content\/uploads\/2024\/10\/IMG_20240930_160552-768x576.jpg 768w, https:\/\/www.vogelsanginstitut.at\/at\/wp-content\/uploads\/2024\/10\/IMG_20240930_160552-1536x1152.jpg 1536w, https:\/\/www.vogelsanginstitut.at\/at\/wp-content\/uploads\/2024\/10\/IMG_20240930_160552.jpg 2000w\" sizes=\"(max-width: 1024px) 100vw, 1024px\" \/><\/figure>\n\n\n\n<p><\/p>\n\n\n\n<figure class=\"wp-block-image size-large\"><img loading=\"lazy\" decoding=\"async\" width=\"768\" height=\"1024\" src=\"http:\/\/www.vogelsanginstitut.at\/at\/wp-content\/uploads\/2024\/10\/IMG_20240930_160600-768x1024.jpg\" alt=\"\" class=\"wp-image-4219\" srcset=\"https:\/\/www.vogelsanginstitut.at\/at\/wp-content\/uploads\/2024\/10\/IMG_20240930_160600-768x1024.jpg 768w, https:\/\/www.vogelsanginstitut.at\/at\/wp-content\/uploads\/2024\/10\/IMG_20240930_160600-225x300.jpg 225w, https:\/\/www.vogelsanginstitut.at\/at\/wp-content\/uploads\/2024\/10\/IMG_20240930_160600-1152x1536.jpg 1152w, https:\/\/www.vogelsanginstitut.at\/at\/wp-content\/uploads\/2024\/10\/IMG_20240930_160600.jpg 1500w\" sizes=\"(max-width: 768px) 100vw, 768px\" \/><\/figure>\n\n\n\n<p><\/p>\n\n\n\n<figure class=\"wp-block-image size-large\"><img loading=\"lazy\" decoding=\"async\" width=\"1024\" height=\"768\" src=\"http:\/\/www.vogelsanginstitut.at\/at\/wp-content\/uploads\/2024\/10\/IMG_20240930_152229-1024x768.jpg\" alt=\"\" class=\"wp-image-4216\" srcset=\"https:\/\/www.vogelsanginstitut.at\/at\/wp-content\/uploads\/2024\/10\/IMG_20240930_152229-1024x768.jpg 1024w, https:\/\/www.vogelsanginstitut.at\/at\/wp-content\/uploads\/2024\/10\/IMG_20240930_152229-300x225.jpg 300w, https:\/\/www.vogelsanginstitut.at\/at\/wp-content\/uploads\/2024\/10\/IMG_20240930_152229-768x576.jpg 768w, https:\/\/www.vogelsanginstitut.at\/at\/wp-content\/uploads\/2024\/10\/IMG_20240930_152229-1536x1152.jpg 1536w, https:\/\/www.vogelsanginstitut.at\/at\/wp-content\/uploads\/2024\/10\/IMG_20240930_152229.jpg 2000w\" sizes=\"(max-width: 1024px) 100vw, 1024px\" \/><\/figure>\n\n\n\n<p><\/p>\n\n\n\n<figure class=\"wp-block-image size-large\"><img loading=\"lazy\" decoding=\"async\" width=\"1024\" height=\"768\" src=\"http:\/\/www.vogelsanginstitut.at\/at\/wp-content\/uploads\/2024\/10\/IMG_20240930_153736-1024x768.jpg\" alt=\"\" class=\"wp-image-4217\" srcset=\"https:\/\/www.vogelsanginstitut.at\/at\/wp-content\/uploads\/2024\/10\/IMG_20240930_153736-1024x768.jpg 1024w, https:\/\/www.vogelsanginstitut.at\/at\/wp-content\/uploads\/2024\/10\/IMG_20240930_153736-300x225.jpg 300w, https:\/\/www.vogelsanginstitut.at\/at\/wp-content\/uploads\/2024\/10\/IMG_20240930_153736-768x576.jpg 768w, https:\/\/www.vogelsanginstitut.at\/at\/wp-content\/uploads\/2024\/10\/IMG_20240930_153736-1536x1152.jpg 1536w, https:\/\/www.vogelsanginstitut.at\/at\/wp-content\/uploads\/2024\/10\/IMG_20240930_153736.jpg 2000w\" sizes=\"(max-width: 1024px) 100vw, 1024px\" \/><\/figure>\n\n\n\n<p><\/p>\n\n\n\n<figure class=\"wp-block-image size-large\"><img loading=\"lazy\" decoding=\"async\" width=\"1024\" height=\"768\" src=\"http:\/\/www.vogelsanginstitut.at\/at\/wp-content\/uploads\/2024\/10\/IMG_20240930_150832-1024x768.jpg\" alt=\"\" class=\"wp-image-4215\" srcset=\"https:\/\/www.vogelsanginstitut.at\/at\/wp-content\/uploads\/2024\/10\/IMG_20240930_150832-1024x768.jpg 1024w, https:\/\/www.vogelsanginstitut.at\/at\/wp-content\/uploads\/2024\/10\/IMG_20240930_150832-300x225.jpg 300w, https:\/\/www.vogelsanginstitut.at\/at\/wp-content\/uploads\/2024\/10\/IMG_20240930_150832-768x576.jpg 768w, https:\/\/www.vogelsanginstitut.at\/at\/wp-content\/uploads\/2024\/10\/IMG_20240930_150832-1536x1152.jpg 1536w, https:\/\/www.vogelsanginstitut.at\/at\/wp-content\/uploads\/2024\/10\/IMG_20240930_150832.jpg 2000w\" sizes=\"(max-width: 1024px) 100vw, 1024px\" \/><\/figure>\n","protected":false},"excerpt":{"rendered":"<p>Nach 2023 f\u00fchrte auch heuer wieder Domarchivar Reinhard Gruber eine Gruppe des Karl von Vogelsang-Instituts durch den Dom zu St. Stephan. Keiner der Teilnehmer konnte sich der Faszination der \u201eKathedrale \u00d6sterreichs\u201c entziehen, und Reinhard Gruber verstand es neuerlich, die Sch\u00f6nheiten und die Sch\u00e4tze meisterlich zu beschreiben. Kunst, Kultur, Kirchengeschichte und weltliche Politik verschmelzen in St. Stephan seit beinahe Tausend Jahren, und bildet damit eines der spirituellen und auch emotionalen Zentren unseres Landes. <a href=\"https:\/\/www.vogelsanginstitut.at\/at\/?page_id=4220\">>>Weiterlesen<\/a><\/p>\n","protected":false},"author":1,"featured_media":4218,"parent":0,"menu_order":0,"comment_status":"closed","ping_status":"closed","template":"","meta":{"footnotes":""},"_links":{"self":[{"href":"https:\/\/www.vogelsanginstitut.at\/at\/index.php?rest_route=\/wp\/v2\/pages\/4220"}],"collection":[{"href":"https:\/\/www.vogelsanginstitut.at\/at\/index.php?rest_route=\/wp\/v2\/pages"}],"about":[{"href":"https:\/\/www.vogelsanginstitut.at\/at\/index.php?rest_route=\/wp\/v2\/types\/page"}],"author":[{"embeddable":true,"href":"https:\/\/www.vogelsanginstitut.at\/at\/index.php?rest_route=\/wp\/v2\/users\/1"}],"replies":[{"embeddable":true,"href":"https:\/\/www.vogelsanginstitut.at\/at\/index.php?rest_route=%2Fwp%2Fv2%2Fcomments&post=4220"}],"version-history":[{"count":4,"href":"https:\/\/www.vogelsanginstitut.at\/at\/index.php?rest_route=\/wp\/v2\/pages\/4220\/revisions"}],"predecessor-version":[{"id":4230,"href":"https:\/\/www.vogelsanginstitut.at\/at\/index.php?rest_route=\/wp\/v2\/pages\/4220\/revisions\/4230"}],"wp:featuredmedia":[{"embeddable":true,"href":"https:\/\/www.vogelsanginstitut.at\/at\/index.php?rest_route=\/wp\/v2\/media\/4218"}],"wp:attachment":[{"href":"https:\/\/www.vogelsanginstitut.at\/at\/index.php?rest_route=%2Fwp%2Fv2%2Fmedia&parent=4220"}],"curies":[{"name":"wp","href":"https:\/\/api.w.org\/{rel}","templated":true}]}}

Führung durch den Dom zu St. Stephan mit Domarchivar Reinhard Gruber

<p><strong>Führung durch den Dom zu St. Stephan mit Domarchivar Reinhard Gruber</strong></p>



<p><strong>Montag, 30. September 2024</strong></p>



<p>Nach 2023 führte auch heuer wieder Domarchivar Reinhard Gruber eine Gruppe des Karl von Vogelsang-Instituts durch den Dom zu St. Stephan. Keiner der Teilnehmer konnte sich der Faszination der „Kathedrale Österreichs“ entziehen, und Reinhard Gruber verstand es neuerlich, die Schönheiten und die Schätze meisterlich zu beschreiben. Kunst, Kultur, Kirchengeschichte und weltliche Politik verschmelzen in St. Stephan seit beinahe Tausend Jahren, und bildet damit eines der spirituellen und auch emotionalen Zentren unseres Landes.</p>



<p>Über Details der Außenfassade, Ornamente im Kirchenraum, kirchenhistorisch bedeutsame Darstellungen und die Besonderheiten beim Hochaltar bildeten einige der Höhepunkte der zweistündigen Exkursion. Den Abschluss fand die Führung am imposanten Dachboden des Domes, der die gewaltige Dimension des Gotteshauses eindringlich vor Augen führt. Danach durften die Teilnehmer noch Wien vom Außengang des Kirchendaches aus luftiger Höhe betrachten.</p>



<p>Das Karl von Vogelsang-Institut ist Reinhard Gruber, der auch Mitglied des Wissenschaftlichen Beirates des Instituts ist, dankbar für diese besondere Möglichkeit.</p>



<figure class="wp-block-image size-large"><img loading="lazy" decoding="async" width="1024" height="768" src="http://www.vogelsanginstitut.at/at/wp-content/uploads/2024/10/IMG_20240930_160552-1024x768.jpg" alt="" class="wp-image-4218" srcset="https://www.vogelsanginstitut.at/at/wp-content/uploads/2024/10/IMG_20240930_160552-1024x768.jpg 1024w, https://www.vogelsanginstitut.at/at/wp-content/uploads/2024/10/IMG_20240930_160552-300x225.jpg 300w, https://www.vogelsanginstitut.at/at/wp-content/uploads/2024/10/IMG_20240930_160552-768x576.jpg 768w, https://www.vogelsanginstitut.at/at/wp-content/uploads/2024/10/IMG_20240930_160552-1536x1152.jpg 1536w, https://www.vogelsanginstitut.at/at/wp-content/uploads/2024/10/IMG_20240930_160552.jpg 2000w" sizes="(max-width: 1024px) 100vw, 1024px" /></figure>



<p></p>



<figure class="wp-block-image size-large"><img loading="lazy" decoding="async" width="768" height="1024" src="http://www.vogelsanginstitut.at/at/wp-content/uploads/2024/10/IMG_20240930_160600-768x1024.jpg" alt="" class="wp-image-4219" srcset="https://www.vogelsanginstitut.at/at/wp-content/uploads/2024/10/IMG_20240930_160600-768x1024.jpg 768w, https://www.vogelsanginstitut.at/at/wp-content/uploads/2024/10/IMG_20240930_160600-225x300.jpg 225w, https://www.vogelsanginstitut.at/at/wp-content/uploads/2024/10/IMG_20240930_160600-1152x1536.jpg 1152w, https://www.vogelsanginstitut.at/at/wp-content/uploads/2024/10/IMG_20240930_160600.jpg 1500w" sizes="(max-width: 768px) 100vw, 768px" /></figure>



<p></p>



<figure class="wp-block-image size-large"><img loading="lazy" decoding="async" width="1024" height="768" src="http://www.vogelsanginstitut.at/at/wp-content/uploads/2024/10/IMG_20240930_152229-1024x768.jpg" alt="" class="wp-image-4216" srcset="https://www.vogelsanginstitut.at/at/wp-content/uploads/2024/10/IMG_20240930_152229-1024x768.jpg 1024w, https://www.vogelsanginstitut.at/at/wp-content/uploads/2024/10/IMG_20240930_152229-300x225.jpg 300w, https://www.vogelsanginstitut.at/at/wp-content/uploads/2024/10/IMG_20240930_152229-768x576.jpg 768w, https://www.vogelsanginstitut.at/at/wp-content/uploads/2024/10/IMG_20240930_152229-1536x1152.jpg 1536w, https://www.vogelsanginstitut.at/at/wp-content/uploads/2024/10/IMG_20240930_152229.jpg 2000w" sizes="(max-width: 1024px) 100vw, 1024px" /></figure>



<p></p>



<figure class="wp-block-image size-large"><img loading="lazy" decoding="async" width="1024" height="768" src="http://www.vogelsanginstitut.at/at/wp-content/uploads/2024/10/IMG_20240930_153736-1024x768.jpg" alt="" class="wp-image-4217" srcset="https://www.vogelsanginstitut.at/at/wp-content/uploads/2024/10/IMG_20240930_153736-1024x768.jpg 1024w, https://www.vogelsanginstitut.at/at/wp-content/uploads/2024/10/IMG_20240930_153736-300x225.jpg 300w, https://www.vogelsanginstitut.at/at/wp-content/uploads/2024/10/IMG_20240930_153736-768x576.jpg 768w, https://www.vogelsanginstitut.at/at/wp-content/uploads/2024/10/IMG_20240930_153736-1536x1152.jpg 1536w, https://www.vogelsanginstitut.at/at/wp-content/uploads/2024/10/IMG_20240930_153736.jpg 2000w" sizes="(max-width: 1024px) 100vw, 1024px" /></figure>



<p></p>



<figure class="wp-block-image size-large"><img loading="lazy" decoding="async" width="1024" height="768" src="http://www.vogelsanginstitut.at/at/wp-content/uploads/2024/10/IMG_20240930_150832-1024x768.jpg" alt="" class="wp-image-4215" srcset="https://www.vogelsanginstitut.at/at/wp-content/uploads/2024/10/IMG_20240930_150832-1024x768.jpg 1024w, https://www.vogelsanginstitut.at/at/wp-content/uploads/2024/10/IMG_20240930_150832-300x225.jpg 300w, https://www.vogelsanginstitut.at/at/wp-content/uploads/2024/10/IMG_20240930_150832-768x576.jpg 768w, https://www.vogelsanginstitut.at/at/wp-content/uploads/2024/10/IMG_20240930_150832-1536x1152.jpg 1536w, https://www.vogelsanginstitut.at/at/wp-content/uploads/2024/10/IMG_20240930_150832.jpg 2000w" sizes="(max-width: 1024px) 100vw, 1024px" /></figure>

<p>Nach 2023 führte auch heuer wieder Domarchivar Reinhard Gruber eine Gruppe des Karl von Vogelsang-Instituts durch den Dom zu St. Stephan. Keiner der Teilnehmer konnte sich der Faszination der „Kathedrale Österreichs“ entziehen, und Reinhard Gruber verstand es neuerlich, die Schönheiten und die Schätze meisterlich zu beschreiben. Kunst, Kultur, Kirchengeschichte und weltliche Politik verschmelzen in St. Stephan seit beinahe Tausend Jahren, und bildet damit eines der spirituellen und auch emotionalen Zentren unseres Landes. <a href="https://www.vogelsanginstitut.at/at/?page_id=4220">>>Weiterlesen</a></p>
