{"id":4034,"date":"2023-12-06T15:11:39","date_gmt":"2023-12-06T14:11:39","guid":{"rendered":"http:\/\/www.vogelsanginstitut.at\/at\/?page_id=4034"},"modified":"2023-12-06T15:13:35","modified_gmt":"2023-12-06T14:13:35","slug":"europa-in-der-zwischenkriegszeit","status":"publish","type":"page","link":"https:\/\/www.vogelsanginstitut.at\/at\/?page_id=4034","title":{"rendered":"Europa in der Zwischenkriegszeit"},"content":{"rendered":"\n<p><br><br><strong>Europa in der Zwischenkriegszeit<\/strong> &#8211; <strong>Demokratie im Spannungsfeld zwischen Volksfront und Diktatur. Ist das Spanien der 1930er Jahre ein brauchbares Modell f\u00fcr die Gef\u00e4hrdung liberaler Systeme?<\/strong><\/p>\n\n\n\n<p>Univ.-Prof. Dr. Walther Bernecker referierte bei der Veranstaltung ausder Reihe &#8220;Forschungen aus dem Archiv&#8221; vom 05.12.2023 zum Thema &#8220;Europa in der Zwischenkriegszeit &#8211; Demokratie im Spannungsfeld zwischen Volksfront und Diktatur. Ist das Spanien der 1930er Jahre ein brauchbares Modell f\u00fcr die Gef\u00e4hrdung liberaler Systeme?.<\/p>\n\n\n\n<p>Spanien ist nicht erst seit den aktuellen Entwicklungen nach der letzten Parlamentswahl 2023 in das Interesse der \u00d6ffentlichkeit ger\u00fcckt. Die Iberische Halbinsel hatte bereits seit Beginn des 20. Jahrhunderts eine Entwicklung genommen, die eine zuk\u00fcnftige gesellschaftliche Polarisierung vorwegnahm. Erst recht in der Zeit nach dem Ersten Weltkrieg offenbarten sich autorit\u00e4re Str\u00f6mungen, aber auch Defizite in Verfassungs-, Wirtschafts- und Bildungsfragen, verbunden mit einem ausgepr\u00e4gten Elitebewusstsein des Milit\u00e4rs, die Spanien zum Spielball nationaler und internationaler Abenteuer werden lie\u00dfen. Spanien war f\u00fcr kommende gesamteurop\u00e4ische Entwicklungen oftmals ein Experimentierfeld. Dazu z\u00e4hlen auch Auswirkungen auf Mitteleuropa und auf \u00d6sterreich.<\/p>\n\n\n\n<p><br>Univ.-Prof. Dr. Walther Bernecker (Universit\u00e4t Erlangen &#8211; N\u00fcrnberg), Historiker und Romanist, ist einer der besten Kenner spanischer, portugiesischer und lateinamerikanischer Geschichte. Seine Arbeiten zur Geschichte des Spanischen B\u00fcrgerkriegs und zum Franquismus bilden den g\u00fcltigen Forschungsstand zum Thema \u201eGeschichte und Erinnerungskultur in Spanien\u201c im Zwanzigsten Jahrhundert ab und k\u00f6nnen zurecht als Standardwerke zur Geschichte Europas bezeichnet werden.<\/p>\n\n\n\n<p>Sein Referat verstand es eindringlich, historische Bez\u00fcge mit der gegenw\u00e4rtigen Situation in Spanien zu verbinden.<\/p>\n\n\n\n<p>Univ.-Prof. Dr. Walther Bernecker<\/p>\n\n\n\n<p>Johannes Sch\u00f6nner, Gesch\u00e4ftsf\u00fchrer des Instituts, begr\u00fc\u00dft die Besucher des Abends.<\/p>\n\n\n\n<figure class=\"wp-block-image size-large\"><img loading=\"lazy\" decoding=\"async\" width=\"393\" height=\"295\" src=\"https:\/\/www.vogelsanginstitut.at\/at\/wp-content\/uploads\/2023\/12\/europa_in_der_zwischenkriegszeit_1.png\" alt=\"\" class=\"wp-image-4036\" srcset=\"https:\/\/www.vogelsanginstitut.at\/at\/wp-content\/uploads\/2023\/12\/europa_in_der_zwischenkriegszeit_1.png 393w, https:\/\/www.vogelsanginstitut.at\/at\/wp-content\/uploads\/2023\/12\/europa_in_der_zwischenkriegszeit_1-300x225.png 300w\" sizes=\"(max-width: 393px) 100vw, 393px\" \/><\/figure>\n\n\n\n<figure class=\"wp-block-image size-large\"><img loading=\"lazy\" decoding=\"async\" width=\"392\" height=\"294\" src=\"https:\/\/www.vogelsanginstitut.at\/at\/wp-content\/uploads\/2023\/12\/europa_in_der_zwischenkriegszeit_2.png\" alt=\"\" class=\"wp-image-4037\" srcset=\"https:\/\/www.vogelsanginstitut.at\/at\/wp-content\/uploads\/2023\/12\/europa_in_der_zwischenkriegszeit_2.png 392w, https:\/\/www.vogelsanginstitut.at\/at\/wp-content\/uploads\/2023\/12\/europa_in_der_zwischenkriegszeit_2-300x225.png 300w\" sizes=\"(max-width: 392px) 100vw, 392px\" \/><\/figure>\n\n\n\n<figure class=\"wp-block-image size-large\"><img loading=\"lazy\" decoding=\"async\" width=\"401\" height=\"301\" src=\"https:\/\/www.vogelsanginstitut.at\/at\/wp-content\/uploads\/2023\/12\/europa_in_der_zwischenkriegszeit_3.png\" alt=\"\" class=\"wp-image-4038\" srcset=\"https:\/\/www.vogelsanginstitut.at\/at\/wp-content\/uploads\/2023\/12\/europa_in_der_zwischenkriegszeit_3.png 401w, https:\/\/www.vogelsanginstitut.at\/at\/wp-content\/uploads\/2023\/12\/europa_in_der_zwischenkriegszeit_3-300x225.png 300w\" sizes=\"(max-width: 401px) 100vw, 401px\" \/><\/figure>\n","protected":false},"excerpt":{"rendered":"<p>Univ.-Prof. Dr. Walther Bernecker referierte bei der Veranstaltung ausder Reihe &#8220;Forschungen aus dem Archiv&#8221; vom 05.12.2023 zum Thema &#8220;Europa in der Zwischenkriegszeit &#8211; Demokratie im Spannungsfeld zwischen Volksfront und Diktatur. Ist das Spanien der 1930er Jahre ein brauchbares Modell f\u00fcr die Gef\u00e4hrdung liberaler Systeme?<\/p>\n<p>Spanien ist nicht erst seit den aktuellen Entwicklungen nach der letzten Parlamentswahl 2023 in das Interesse der \u00d6ffentlichkeit ger\u00fcckt. Die Iberische Halbinsel hatte bereits seit Beginn des 20. Jahrhunderts eine Entwicklung genommen, die eine zuk\u00fcnftige gesellschaftliche Polarisierung vorwegnahm. Erst recht in der Zeit nach dem Ersten Weltkrieg offenbarten sich autorit\u00e4re Str\u00f6mungen, aber auch Defizite in Verfassungs-, Wirtschafts- und Bildungsfragen, verbunden mit einem ausgepr\u00e4gten Elitebewusstsein des Milit\u00e4rs, die Spanien zum Spielball nationaler und internationaler Abenteuer werden lie\u00dfen. Spanien war f\u00fcr kommende gesamteurop\u00e4ische Entwicklungen oftmals ein Experimentierfeld. Dazu z\u00e4hlen auch Auswirkungen auf Mitteleuropa und auf \u00d6sterreich.<\/p>\n<p> <a href=\"https:\/\/www.vogelsanginstitut.at\/at\/?page_id=4034\">>>weiterlesen<\/a><\/p>\n","protected":false},"author":1,"featured_media":4036,"parent":0,"menu_order":0,"comment_status":"closed","ping_status":"closed","template":"","meta":{"footnotes":""},"_links":{"self":[{"href":"https:\/\/www.vogelsanginstitut.at\/at\/index.php?rest_route=\/wp\/v2\/pages\/4034"}],"collection":[{"href":"https:\/\/www.vogelsanginstitut.at\/at\/index.php?rest_route=\/wp\/v2\/pages"}],"about":[{"href":"https:\/\/www.vogelsanginstitut.at\/at\/index.php?rest_route=\/wp\/v2\/types\/page"}],"author":[{"embeddable":true,"href":"https:\/\/www.vogelsanginstitut.at\/at\/index.php?rest_route=\/wp\/v2\/users\/1"}],"replies":[{"embeddable":true,"href":"https:\/\/www.vogelsanginstitut.at\/at\/index.php?rest_route=%2Fwp%2Fv2%2Fcomments&post=4034"}],"version-history":[{"count":2,"href":"https:\/\/www.vogelsanginstitut.at\/at\/index.php?rest_route=\/wp\/v2\/pages\/4034\/revisions"}],"predecessor-version":[{"id":4039,"href":"https:\/\/www.vogelsanginstitut.at\/at\/index.php?rest_route=\/wp\/v2\/pages\/4034\/revisions\/4039"}],"wp:featuredmedia":[{"embeddable":true,"href":"https:\/\/www.vogelsanginstitut.at\/at\/index.php?rest_route=\/wp\/v2\/media\/4036"}],"wp:attachment":[{"href":"https:\/\/www.vogelsanginstitut.at\/at\/index.php?rest_route=%2Fwp%2Fv2%2Fmedia&parent=4034"}],"curies":[{"name":"wp","href":"https:\/\/api.w.org\/{rel}","templated":true}]}}

<p><br><br><strong>Europa in der Zwischenkriegszeit</strong> &#8211; <strong>Demokratie im Spannungsfeld zwischen Volksfront und Diktatur. Ist das Spanien der 1930er Jahre ein brauchbares Modell für die Gefährdung liberaler Systeme?</strong></p>



<p>Univ.-Prof. Dr. Walther Bernecker referierte bei der Veranstaltung ausder Reihe &#8220;Forschungen aus dem Archiv&#8221; vom 05.12.2023 zum Thema &#8220;Europa in der Zwischenkriegszeit &#8211; Demokratie im Spannungsfeld zwischen Volksfront und Diktatur. Ist das Spanien der 1930er Jahre ein brauchbares Modell für die Gefährdung liberaler Systeme?.</p>



<p>Spanien ist nicht erst seit den aktuellen Entwicklungen nach der letzten Parlamentswahl 2023 in das Interesse der Öffentlichkeit gerückt. Die Iberische Halbinsel hatte bereits seit Beginn des 20. Jahrhunderts eine Entwicklung genommen, die eine zukünftige gesellschaftliche Polarisierung vorwegnahm. Erst recht in der Zeit nach dem Ersten Weltkrieg offenbarten sich autoritäre Strömungen, aber auch Defizite in Verfassungs-, Wirtschafts- und Bildungsfragen, verbunden mit einem ausgeprägten Elitebewusstsein des Militärs, die Spanien zum Spielball nationaler und internationaler Abenteuer werden ließen. Spanien war für kommende gesamteuropäische Entwicklungen oftmals ein Experimentierfeld. Dazu zählen auch Auswirkungen auf Mitteleuropa und auf Österreich.</p>



<p><br>Univ.-Prof. Dr. Walther Bernecker (Universität Erlangen &#8211; Nürnberg), Historiker und Romanist, ist einer der besten Kenner spanischer, portugiesischer und lateinamerikanischer Geschichte. Seine Arbeiten zur Geschichte des Spanischen Bürgerkriegs und zum Franquismus bilden den gültigen Forschungsstand zum Thema „Geschichte und Erinnerungskultur in Spanien“ im Zwanzigsten Jahrhundert ab und können zurecht als Standardwerke zur Geschichte Europas bezeichnet werden.</p>



<p>Sein Referat verstand es eindringlich, historische Bezüge mit der gegenwärtigen Situation in Spanien zu verbinden.</p>



<p>Univ.-Prof. Dr. Walther Bernecker</p>



<p>Johannes Schönner, Geschäftsführer des Instituts, begrüßt die Besucher des Abends.</p>



<figure class="wp-block-image size-large"><img loading="lazy" decoding="async" width="393" height="295" src="https://www.vogelsanginstitut.at/at/wp-content/uploads/2023/12/europa_in_der_zwischenkriegszeit_1.png" alt="" class="wp-image-4036" srcset="https://www.vogelsanginstitut.at/at/wp-content/uploads/2023/12/europa_in_der_zwischenkriegszeit_1.png 393w, https://www.vogelsanginstitut.at/at/wp-content/uploads/2023/12/europa_in_der_zwischenkriegszeit_1-300x225.png 300w" sizes="(max-width: 393px) 100vw, 393px" /></figure>



<figure class="wp-block-image size-large"><img loading="lazy" decoding="async" width="392" height="294" src="https://www.vogelsanginstitut.at/at/wp-content/uploads/2023/12/europa_in_der_zwischenkriegszeit_2.png" alt="" class="wp-image-4037" srcset="https://www.vogelsanginstitut.at/at/wp-content/uploads/2023/12/europa_in_der_zwischenkriegszeit_2.png 392w, https://www.vogelsanginstitut.at/at/wp-content/uploads/2023/12/europa_in_der_zwischenkriegszeit_2-300x225.png 300w" sizes="(max-width: 392px) 100vw, 392px" /></figure>



<figure class="wp-block-image size-large"><img loading="lazy" decoding="async" width="401" height="301" src="https://www.vogelsanginstitut.at/at/wp-content/uploads/2023/12/europa_in_der_zwischenkriegszeit_3.png" alt="" class="wp-image-4038" srcset="https://www.vogelsanginstitut.at/at/wp-content/uploads/2023/12/europa_in_der_zwischenkriegszeit_3.png 401w, https://www.vogelsanginstitut.at/at/wp-content/uploads/2023/12/europa_in_der_zwischenkriegszeit_3-300x225.png 300w" sizes="(max-width: 401px) 100vw, 401px" /></figure>

<p>Univ.-Prof. Dr. Walther Bernecker referierte bei der Veranstaltung ausder Reihe &#8220;Forschungen aus dem Archiv&#8221; vom 05.12.2023 zum Thema &#8220;Europa in der Zwischenkriegszeit &#8211; Demokratie im Spannungsfeld zwischen Volksfront und Diktatur. Ist das Spanien der 1930er Jahre ein brauchbares Modell für die Gefährdung liberaler Systeme?</p>
<p>Spanien ist nicht erst seit den aktuellen Entwicklungen nach der letzten Parlamentswahl 2023 in das Interesse der Öffentlichkeit gerückt. Die Iberische Halbinsel hatte bereits seit Beginn des 20. Jahrhunderts eine Entwicklung genommen, die eine zukünftige gesellschaftliche Polarisierung vorwegnahm. Erst recht in der Zeit nach dem Ersten Weltkrieg offenbarten sich autoritäre Strömungen, aber auch Defizite in Verfassungs-, Wirtschafts- und Bildungsfragen, verbunden mit einem ausgeprägten Elitebewusstsein des Militärs, die Spanien zum Spielball nationaler und internationaler Abenteuer werden ließen. Spanien war für kommende gesamteuropäische Entwicklungen oftmals ein Experimentierfeld. Dazu zählen auch Auswirkungen auf Mitteleuropa und auf Österreich.</p>
<p> <a href="https://www.vogelsanginstitut.at/at/?page_id=4034">>>weiterlesen</a></p>
