{"id":3592,"date":"2022-10-07T09:33:10","date_gmt":"2022-10-07T07:33:10","guid":{"rendered":"http:\/\/www.vogelsanginstitut.at\/at\/?page_id=3592"},"modified":"2022-10-07T09:36:02","modified_gmt":"2022-10-07T07:36:02","slug":"felix-hurdes-seine-bedeutung-fuer-die-christdemokratie-und-die-geistesgeschichte-in-oesterreich","status":"publish","type":"page","link":"http:\/\/www.vogelsanginstitut.at\/at\/?page_id=3592","title":{"rendered":"Felix Hurdes. Seine Bedeutung f\u00fcr die Christdemokratie und die Geistesgeschichte in \u00d6sterreich"},"content":{"rendered":"\n<p><strong>Felix Hurdes.<\/strong> <strong>Seine Bedeutung f\u00fcr die Christdemokratie und die Geistesgeschichte in \u00d6sterreich<\/strong><\/p>\n\n\n\n<p>In der mittlerweile vierten Folge der Veranstaltungsreihe \u201eForschungen aus dem Archiv\u201c stand der Mitbegr\u00fcnder der \u00d6sterreichischen Volkspartei und fr\u00fchere \u00d6VP-Generalsekret\u00e4r sowie Unterrichtsminister Dr. Felix Hurdes im Mittelpunkt.<\/p>\n\n\n\n<p>Dr. Erik Kroiher, Referent des Abends, hatte seine umfangreiche Dissertation (Univ. Wien, Approbation 2016) zur geistesgeschichtlichen Entwicklung der Zwischenkriegszeit mit dem Fokus auf die Bedeutung von Felix Hurdes gelegt, und dabei in zentralen Best\u00e4nden des KvVI-Archivs geforscht.<\/p>\n\n\n\n<p>Hurdes z\u00e4hlte zu jener Generation, die bereits in der Zwischenkriegszeit um die Identit\u00e4t \u00d6sterreichs gerungen haben. Als K\u00e4rntner Landesrat der Christlichsozialen Partei, sp\u00e4ter als Landesleiter der Vaterl\u00e4ndischen Front und der Ostm\u00e4rkischen Sturmscharen, war er w\u00e4hrend der 1930er Jahre Teil einer verunsicherten und doch vision\u00e4ren Generation, die ihr Streben nach Unabh\u00e4ngigkeit und ihren ausgepr\u00e4gten Behauptungswillen zum Motor einer \u00f6sterreichischen Selbstst\u00e4ndigkeit machten.<\/p>\n\n\n\n<p>Es war das Streben nach Selbstst\u00e4ndigkeit, das Hurdes nach dem M\u00e4rz 1938 in zahlreiche Gef\u00e4ngnisse und NS-Konzentrationslager brachte. Hier wurde sein Wunsch nach Unabh\u00e4ngigkeit und sein \u00d6sterreich-Patriotismus jedoch nicht gebrochen, sondern nur verst\u00e4rkt. Seine Autobiographie \u201eVater unser\u201c legt bis heute davon Zeugnis ab. Noch im Fr\u00fchjahr 1945 stellte sich Hurdes sofort nach seiner R\u00fcckkehr aus dem KZ, dem politischen Wiederaufbau zur Verf\u00fcgung, und er war einer der Mitbegr\u00fcnder der \u00d6sterreichischen Volkspartei..<\/p>\n\n\n\n<p>Auch in dieser Phase zeigte sich bald, dass sowohl parteipolitische Anpassung, als auch die Einsicht, dass man einflussreiche Gruppierungen hinter sich haben muss, um sich l\u00e4nger in einer Spitzenposition halten zu k\u00f6nnen und um langfristig&nbsp; Erfolg zu haben, nicht seine St\u00e4rke waren.<\/p>\n\n\n\n<p>Er war nicht bereit, Parteien und Staat als eine Einheit zu sehen; eine Unterscheidung, die so manche \u201eGro\u00dfkoalition\u00e4re\u201c der Regierungsparteien SP\u00d6 und \u00d6VP nicht mit ihm teilten. Seine Initiativen als Unterrichts- und Kulturminister waren bald heftigster Kritik ausgesetzt.<\/p>\n\n\n\n<p>In der Biographie von Felix Hurdes b\u00fcndeln sich entscheidende Fragen zum \u00f6sterreichischen 20. Jahrhundert:<\/p>\n\n\n\n<p>Wieviel \u00f6sterreichische Eigenst\u00e4ndigkeit vertr\u00e4gt ein Kulturraum, der politisch, wirtschaftlich und kulturhistorisch stets mit seinen europ\u00e4ischen Nachbarn verbunden war. Was zeichnet grunds\u00e4tzlich eine \u201e\u00f6sterreichische Eigenheit\u201c aus?<\/p>\n\n\n\n<p>Welchen Stellenwert hat Kultur f\u00fcr ein kleines Land wie \u00d6sterreich, wenn die wirtschaftlichen Erfordernisse offensichtlich alles andere \u00fcberlagern?<\/p>\n\n\n\n<p>Hurdes entwickelte sich schlie\u00dflich zu einem leidenschaftlichen Europ\u00e4er, der messbar mehr Anerkennung f\u00fcr seine internationalen Kooperationen erhielt, als f\u00fcr seine innenpolitische Politik oder parteipolitischen Initiativen .<\/p>\n\n\n\n<p>Des Weiteren zeichnete er f\u00fcr die ersten Programmentw\u00fcrfe der Volkspartei verantwortlich. Die ersten Parteipositionen trugen ma\u00dfgeblich seine Handschrift. Aber Hurdes blieb trotz zahlreicher Visionen der Mann, der er immer war. Eine Pers\u00f6nlichkeit, die alles hinterfragte und zu gro\u00dfe Abh\u00e4ngigkeit scheute. Als freiberuflicher Rechtsanwalt konnte sich Felix Hurdes stets ein unabh\u00e4ngiges Standbein bewahren.<\/p>\n\n\n\n<p>Erik Kroiher spannte einen lebendigen Bogen vom Zusammenbruch der Monarchie, der Pluralit\u00e4t des b\u00fcrgerlichen und katholischen Geisteslebens der 1920er und 1930er Jahre, bis hin zu Okkupation, Widerstand und dem Aufbau der Zweiten Republik.<\/p>\n\n\n\n<p>Kroiher war langj\u00e4hriger Leiter der internationalen Abteilung der Politischen Akademie und au\u00dfenpolitischer Direktor der \u00d6VP, gegenw\u00e4rtig ist er Direktor f\u00fcr internationale Beziehungen und Business Development der Kapsch-Gruppe.<\/p>\n\n\n\n<p>An die 30 Besucher folgten an diesem Abend einer spannenden Reise durch \u00d6sterreichs Geistesgeschichte der ersten H\u00e4lfte des 20. Jahrhunderts.<\/p>\n\n\n\n<figure class=\"wp-block-image size-large\"><img loading=\"lazy\" decoding=\"async\" width=\"1024\" height=\"768\" src=\"http:\/\/www.vogelsanginstitut.at\/at\/wp-content\/uploads\/2022\/10\/IMG-20221004-WA0005-1024x768.jpg\" alt=\"\" class=\"wp-image-3593\" srcset=\"http:\/\/www.vogelsanginstitut.at\/at\/wp-content\/uploads\/2022\/10\/IMG-20221004-WA0005-1024x768.jpg 1024w, http:\/\/www.vogelsanginstitut.at\/at\/wp-content\/uploads\/2022\/10\/IMG-20221004-WA0005-300x225.jpg 300w, http:\/\/www.vogelsanginstitut.at\/at\/wp-content\/uploads\/2022\/10\/IMG-20221004-WA0005-768x576.jpg 768w, http:\/\/www.vogelsanginstitut.at\/at\/wp-content\/uploads\/2022\/10\/IMG-20221004-WA0005-1536x1152.jpg 1536w, http:\/\/www.vogelsanginstitut.at\/at\/wp-content\/uploads\/2022\/10\/IMG-20221004-WA0005.jpg 2048w\" sizes=\"(max-width: 1024px) 100vw, 1024px\" \/><\/figure>\n\n\n\n<figure class=\"wp-block-image size-large\"><img loading=\"lazy\" decoding=\"async\" width=\"1024\" height=\"768\" src=\"http:\/\/www.vogelsanginstitut.at\/at\/wp-content\/uploads\/2022\/10\/IMG-20221004-WA0003-1024x768.jpg\" alt=\"\" class=\"wp-image-3595\" srcset=\"http:\/\/www.vogelsanginstitut.at\/at\/wp-content\/uploads\/2022\/10\/IMG-20221004-WA0003-1024x768.jpg 1024w, http:\/\/www.vogelsanginstitut.at\/at\/wp-content\/uploads\/2022\/10\/IMG-20221004-WA0003-300x225.jpg 300w, http:\/\/www.vogelsanginstitut.at\/at\/wp-content\/uploads\/2022\/10\/IMG-20221004-WA0003-768x576.jpg 768w, http:\/\/www.vogelsanginstitut.at\/at\/wp-content\/uploads\/2022\/10\/IMG-20221004-WA0003-1536x1152.jpg 1536w, http:\/\/www.vogelsanginstitut.at\/at\/wp-content\/uploads\/2022\/10\/IMG-20221004-WA0003.jpg 2048w\" sizes=\"(max-width: 1024px) 100vw, 1024px\" \/><\/figure>\n\n\n\n<figure class=\"wp-block-image size-large\"><img loading=\"lazy\" decoding=\"async\" width=\"768\" height=\"1024\" src=\"http:\/\/www.vogelsanginstitut.at\/at\/wp-content\/uploads\/2022\/10\/IMG-20221004-WA0012-1-768x1024.jpg\" alt=\"\" class=\"wp-image-3596\" srcset=\"http:\/\/www.vogelsanginstitut.at\/at\/wp-content\/uploads\/2022\/10\/IMG-20221004-WA0012-1-768x1024.jpg 768w, http:\/\/www.vogelsanginstitut.at\/at\/wp-content\/uploads\/2022\/10\/IMG-20221004-WA0012-1-225x300.jpg 225w, http:\/\/www.vogelsanginstitut.at\/at\/wp-content\/uploads\/2022\/10\/IMG-20221004-WA0012-1-1152x1536.jpg 1152w, http:\/\/www.vogelsanginstitut.at\/at\/wp-content\/uploads\/2022\/10\/IMG-20221004-WA0012-1.jpg 1536w\" sizes=\"(max-width: 768px) 100vw, 768px\" \/><\/figure>\n","protected":false},"excerpt":{"rendered":"<p><!-- wp:paragraph --><\/p>\n<p>In der mittlerweile vierten Folge der Veranstaltungsreihe \u201eForschungen aus dem Archiv\u201c stand der Mitbegr\u00fcnder der \u00d6sterreichischen Volkspartei und fr\u00fchere \u00d6VP-Generalsekret\u00e4r sowie Unterrichtsminister Dr. Felix Hurdes im Mittelpunkt.<\/p>\n<p><!-- \/wp:paragraph --><a href=\"http:\/\/www.vogelsanginstitut.at\/at\/?page_id=3592\">>>weiter<\/a><\/p>\n","protected":false},"author":1,"featured_media":3593,"parent":0,"menu_order":0,"comment_status":"closed","ping_status":"closed","template":"","meta":{"footnotes":""},"_links":{"self":[{"href":"http:\/\/www.vogelsanginstitut.at\/at\/index.php?rest_route=\/wp\/v2\/pages\/3592"}],"collection":[{"href":"http:\/\/www.vogelsanginstitut.at\/at\/index.php?rest_route=\/wp\/v2\/pages"}],"about":[{"href":"http:\/\/www.vogelsanginstitut.at\/at\/index.php?rest_route=\/wp\/v2\/types\/page"}],"author":[{"embeddable":true,"href":"http:\/\/www.vogelsanginstitut.at\/at\/index.php?rest_route=\/wp\/v2\/users\/1"}],"replies":[{"embeddable":true,"href":"http:\/\/www.vogelsanginstitut.at\/at\/index.php?rest_route=%2Fwp%2Fv2%2Fcomments&post=3592"}],"version-history":[{"count":3,"href":"http:\/\/www.vogelsanginstitut.at\/at\/index.php?rest_route=\/wp\/v2\/pages\/3592\/revisions"}],"predecessor-version":[{"id":3601,"href":"http:\/\/www.vogelsanginstitut.at\/at\/index.php?rest_route=\/wp\/v2\/pages\/3592\/revisions\/3601"}],"wp:featuredmedia":[{"embeddable":true,"href":"http:\/\/www.vogelsanginstitut.at\/at\/index.php?rest_route=\/wp\/v2\/media\/3593"}],"wp:attachment":[{"href":"http:\/\/www.vogelsanginstitut.at\/at\/index.php?rest_route=%2Fwp%2Fv2%2Fmedia&parent=3592"}],"curies":[{"name":"wp","href":"https:\/\/api.w.org\/{rel}","templated":true}]}}

Felix Hurdes. Seine Bedeutung für die Christdemokratie und die Geistesgeschichte in Österreich

<p><strong>Felix Hurdes.</strong> <strong>Seine Bedeutung für die Christdemokratie und die Geistesgeschichte in Österreich</strong></p>



<p>In der mittlerweile vierten Folge der Veranstaltungsreihe „Forschungen aus dem Archiv“ stand der Mitbegründer der Österreichischen Volkspartei und frühere ÖVP-Generalsekretär sowie Unterrichtsminister Dr. Felix Hurdes im Mittelpunkt.</p>



<p>Dr. Erik Kroiher, Referent des Abends, hatte seine umfangreiche Dissertation (Univ. Wien, Approbation 2016) zur geistesgeschichtlichen Entwicklung der Zwischenkriegszeit mit dem Fokus auf die Bedeutung von Felix Hurdes gelegt, und dabei in zentralen Beständen des KvVI-Archivs geforscht.</p>



<p>Hurdes zählte zu jener Generation, die bereits in der Zwischenkriegszeit um die Identität Österreichs gerungen haben. Als Kärntner Landesrat der Christlichsozialen Partei, später als Landesleiter der Vaterländischen Front und der Ostmärkischen Sturmscharen, war er während der 1930er Jahre Teil einer verunsicherten und doch visionären Generation, die ihr Streben nach Unabhängigkeit und ihren ausgeprägten Behauptungswillen zum Motor einer österreichischen Selbstständigkeit machten.</p>



<p>Es war das Streben nach Selbstständigkeit, das Hurdes nach dem März 1938 in zahlreiche Gefängnisse und NS-Konzentrationslager brachte. Hier wurde sein Wunsch nach Unabhängigkeit und sein Österreich-Patriotismus jedoch nicht gebrochen, sondern nur verstärkt. Seine Autobiographie „Vater unser“ legt bis heute davon Zeugnis ab. Noch im Frühjahr 1945 stellte sich Hurdes sofort nach seiner Rückkehr aus dem KZ, dem politischen Wiederaufbau zur Verfügung, und er war einer der Mitbegründer der Österreichischen Volkspartei..</p>



<p>Auch in dieser Phase zeigte sich bald, dass sowohl parteipolitische Anpassung, als auch die Einsicht, dass man einflussreiche Gruppierungen hinter sich haben muss, um sich länger in einer Spitzenposition halten zu können und um langfristig&nbsp; Erfolg zu haben, nicht seine Stärke waren.</p>



<p>Er war nicht bereit, Parteien und Staat als eine Einheit zu sehen; eine Unterscheidung, die so manche „Großkoalitionäre“ der Regierungsparteien SPÖ und ÖVP nicht mit ihm teilten. Seine Initiativen als Unterrichts- und Kulturminister waren bald heftigster Kritik ausgesetzt.</p>



<p>In der Biographie von Felix Hurdes bündeln sich entscheidende Fragen zum österreichischen 20. Jahrhundert:</p>



<p>Wieviel österreichische Eigenständigkeit verträgt ein Kulturraum, der politisch, wirtschaftlich und kulturhistorisch stets mit seinen europäischen Nachbarn verbunden war. Was zeichnet grundsätzlich eine „österreichische Eigenheit“ aus?</p>



<p>Welchen Stellenwert hat Kultur für ein kleines Land wie Österreich, wenn die wirtschaftlichen Erfordernisse offensichtlich alles andere überlagern?</p>



<p>Hurdes entwickelte sich schließlich zu einem leidenschaftlichen Europäer, der messbar mehr Anerkennung für seine internationalen Kooperationen erhielt, als für seine innenpolitische Politik oder parteipolitischen Initiativen .</p>



<p>Des Weiteren zeichnete er für die ersten Programmentwürfe der Volkspartei verantwortlich. Die ersten Parteipositionen trugen maßgeblich seine Handschrift. Aber Hurdes blieb trotz zahlreicher Visionen der Mann, der er immer war. Eine Persönlichkeit, die alles hinterfragte und zu große Abhängigkeit scheute. Als freiberuflicher Rechtsanwalt konnte sich Felix Hurdes stets ein unabhängiges Standbein bewahren.</p>



<p>Erik Kroiher spannte einen lebendigen Bogen vom Zusammenbruch der Monarchie, der Pluralität des bürgerlichen und katholischen Geisteslebens der 1920er und 1930er Jahre, bis hin zu Okkupation, Widerstand und dem Aufbau der Zweiten Republik.</p>



<p>Kroiher war langjähriger Leiter der internationalen Abteilung der Politischen Akademie und außenpolitischer Direktor der ÖVP, gegenwärtig ist er Direktor für internationale Beziehungen und Business Development der Kapsch-Gruppe.</p>



<p>An die 30 Besucher folgten an diesem Abend einer spannenden Reise durch Österreichs Geistesgeschichte der ersten Hälfte des 20. Jahrhunderts.</p>



<figure class="wp-block-image size-large"><img loading="lazy" decoding="async" width="1024" height="768" src="http://www.vogelsanginstitut.at/at/wp-content/uploads/2022/10/IMG-20221004-WA0005-1024x768.jpg" alt="" class="wp-image-3593" srcset="http://www.vogelsanginstitut.at/at/wp-content/uploads/2022/10/IMG-20221004-WA0005-1024x768.jpg 1024w, http://www.vogelsanginstitut.at/at/wp-content/uploads/2022/10/IMG-20221004-WA0005-300x225.jpg 300w, http://www.vogelsanginstitut.at/at/wp-content/uploads/2022/10/IMG-20221004-WA0005-768x576.jpg 768w, http://www.vogelsanginstitut.at/at/wp-content/uploads/2022/10/IMG-20221004-WA0005-1536x1152.jpg 1536w, http://www.vogelsanginstitut.at/at/wp-content/uploads/2022/10/IMG-20221004-WA0005.jpg 2048w" sizes="(max-width: 1024px) 100vw, 1024px" /></figure>



<figure class="wp-block-image size-large"><img loading="lazy" decoding="async" width="1024" height="768" src="http://www.vogelsanginstitut.at/at/wp-content/uploads/2022/10/IMG-20221004-WA0003-1024x768.jpg" alt="" class="wp-image-3595" srcset="http://www.vogelsanginstitut.at/at/wp-content/uploads/2022/10/IMG-20221004-WA0003-1024x768.jpg 1024w, http://www.vogelsanginstitut.at/at/wp-content/uploads/2022/10/IMG-20221004-WA0003-300x225.jpg 300w, http://www.vogelsanginstitut.at/at/wp-content/uploads/2022/10/IMG-20221004-WA0003-768x576.jpg 768w, http://www.vogelsanginstitut.at/at/wp-content/uploads/2022/10/IMG-20221004-WA0003-1536x1152.jpg 1536w, http://www.vogelsanginstitut.at/at/wp-content/uploads/2022/10/IMG-20221004-WA0003.jpg 2048w" sizes="(max-width: 1024px) 100vw, 1024px" /></figure>



<figure class="wp-block-image size-large"><img loading="lazy" decoding="async" width="768" height="1024" src="http://www.vogelsanginstitut.at/at/wp-content/uploads/2022/10/IMG-20221004-WA0012-1-768x1024.jpg" alt="" class="wp-image-3596" srcset="http://www.vogelsanginstitut.at/at/wp-content/uploads/2022/10/IMG-20221004-WA0012-1-768x1024.jpg 768w, http://www.vogelsanginstitut.at/at/wp-content/uploads/2022/10/IMG-20221004-WA0012-1-225x300.jpg 225w, http://www.vogelsanginstitut.at/at/wp-content/uploads/2022/10/IMG-20221004-WA0012-1-1152x1536.jpg 1152w, http://www.vogelsanginstitut.at/at/wp-content/uploads/2022/10/IMG-20221004-WA0012-1.jpg 1536w" sizes="(max-width: 768px) 100vw, 768px" /></figure>

<p><!-- wp:paragraph --></p>
<p>In der mittlerweile vierten Folge der Veranstaltungsreihe „Forschungen aus dem Archiv“ stand der Mitbegründer der Österreichischen Volkspartei und frühere ÖVP-Generalsekretär sowie Unterrichtsminister Dr. Felix Hurdes im Mittelpunkt.</p>
<p><!-- /wp:paragraph --><a href="http://www.vogelsanginstitut.at/at/?page_id=3592">>>weiter</a></p>
