{"id":3166,"date":"2021-11-11T17:26:56","date_gmt":"2021-11-11T16:26:56","guid":{"rendered":"http:\/\/www.vogelsanginstitut.at\/at\/?page_id=3166"},"modified":"2021-11-11T17:29:43","modified_gmt":"2021-11-11T16:29:43","slug":"symposium-der-plattform-zeithistorischer-politischer-archive","status":"publish","type":"page","link":"http:\/\/www.vogelsanginstitut.at\/at\/?page_id=3166","title":{"rendered":"Symposium der Plattform zeithistorischer politischer Archive"},"content":{"rendered":"\n<p><strong>Symposium der Plattform zeithistorischer politischer Archive<\/strong><\/p>\n\n\n\n<p><strong>Die Krisen der Demokratie in den 1920er und 1930er Jahren<\/strong><\/p>\n\n\n\n<p><strong>3. \u2013 5. November 2021, \u00d6sterreichisches Volkskundemuseum, Wien 1080<\/strong><\/p>\n\n\n\n<p>Im Rahmen eines dreit\u00e4gigen wissenschaftlichen Symposiums versuchte die Plattform zeithistorischer politischer Archive, deren Gr\u00fcndungsmitglied das Karl von Vogelsang-Institut ist, Ursachen und Konsequenzen demokratiepolitischer Krisen der Zwischenkriegszeit zu beleuchten.<\/p>\n\n\n\n<p>Aktuelle Forschungen zu l\u00e4nderspezifischen und gesamteurop\u00e4ischen Entwicklungen machten die Aktualit\u00e4t der Fragestellung deutlich. Unver\u00e4ndert pr\u00e4gen ideologische Erkl\u00e4rungsmuster die zeitgen\u00f6ssische Radikalisierung der europ\u00e4ischen Gesellschaften. Die L\u00e4nderreferate legten bewusst die Schwerpunkte hin zu S\u00fcd\/S\u00fcdosteuropa (Spanien, Portugal, Italien, Jugoslawien) und zu Osteuropa (Polen, Rum\u00e4nien, Ungarn). Dadurch war es m\u00f6glich geworden, systemrelevante Entwicklungen abseits der Dynamiken in Deutschland und in Frankreich zu skizzieren, und schlie\u00dflich deren Auswirkungen auf \u00d6sterreich zu beschreiben.<\/p>\n\n\n\n<p>Der Plattform war es gelungen, ausgewiesene und prominente Historiker zum Symposium einzuladen und damit den aktuellen Forschungsstand zu Themen wie \u201eErosion der Demokratie\u201c, \u201eTotalitarismus und autorit\u00e4re Regime\u201c sowie \u201eFaschismus in Europa der Zwischenkriegszeit\u201c abzubilden.<\/p>\n\n\n\n<p>Die Ergebnisse und die Referate dieser Tagung werden 2022 publiziert und bilden den Abschluss einer dreiteiligen Reihe, die mit den Schwerpunkten \u201eDie Parteien und der Erste Weltkrieg\u201c (2014) und \u201eDie junge Republik. \u00d6sterreich 1918\/1919\u201c (2018) begonnen hatte.<\/p>\n\n\n\n<p>Mehr als 30 Teilnehmer und Besucher der Tagung konnten begr\u00fc\u00dft werden. Im Rahmen des Symposiums wurde auch das <strong>Digitalisierungsprojekt der Plattform \u201eQuellenedition zur Parteiengeschichte \u00d6sterreichs 1945 bis 1953\u201c<\/strong> der \u00d6ffentlichkeit vorgestellt.<\/p>\n\n\n\n<p>(<a href=\"http:\/\/www.zeithistorische-archive.at\">www.zeithistorische-archive.at<\/a>)<\/p>\n\n\n\n<figure class=\"wp-block-image size-large\"><img decoding=\"async\" src=\"blob:http:\/\/www.vogelsanginstitut.at\/dc24dbba-976e-4243-b5c9-927feaf40e19\" alt=\"\"\/><\/figure>\n\n\n\n<p>Univ.-Prof. Dr. Walther Bernecker bei seinem beeindruckenden Referat zu Spanien.<\/p>\n","protected":false},"excerpt":{"rendered":"<p>Im Rahmen eines dreit\u00e4gigen wissenschaftlichen Symposiums versuchte die Plattform zeithistorischer politischer Archive, deren Gr\u00fcndungsmitglied das Karl von Vogelsang-Institut ist, Ursachen und Konsequenzen demokratiepolitischer Krisen der Zwischenkriegszeit zu beleuchten.<\/p>\n<p><!-- \/wp:paragraph --><\/p>\n<p><!-- wp:paragraph --><\/p>\n<p>Aktuelle Forschungen zu l\u00e4nderspezifischen und gesamteurop\u00e4ischen Entwicklungen machten die Aktualit\u00e4t der Fragestellung deutlich. Unver\u00e4ndert pr\u00e4gen ideologische Erkl\u00e4rungsmuster die zeitgen\u00f6ssische Radikalisierung der europ\u00e4ischen Gesellschaften. Die L\u00e4nderreferate legten bewusst die Schwerpunkte hin zu S\u00fcd\/S\u00fcdosteuropa (Spanien, Portugal, Italien, Jugoslawien) und zu Osteuropa (Polen, Rum\u00e4nien, Ungarn). Dadurch war es m\u00f6glich geworden, systemrelevante Entwicklungen abseits der Dynamiken in Deutschland und in Frankreich zu skizzieren, und schlie\u00dflich deren Auswirkungen auf \u00d6sterreich zu beschreiben.  <a href=\"http:\/\/www.vogelsanginstitut.at\/at\/?page_id=3166\">>>weiterlesen<\/a><\/p>\n","protected":false},"author":1,"featured_media":3167,"parent":0,"menu_order":0,"comment_status":"closed","ping_status":"closed","template":"","meta":{"footnotes":""},"_links":{"self":[{"href":"http:\/\/www.vogelsanginstitut.at\/at\/index.php?rest_route=\/wp\/v2\/pages\/3166"}],"collection":[{"href":"http:\/\/www.vogelsanginstitut.at\/at\/index.php?rest_route=\/wp\/v2\/pages"}],"about":[{"href":"http:\/\/www.vogelsanginstitut.at\/at\/index.php?rest_route=\/wp\/v2\/types\/page"}],"author":[{"embeddable":true,"href":"http:\/\/www.vogelsanginstitut.at\/at\/index.php?rest_route=\/wp\/v2\/users\/1"}],"replies":[{"embeddable":true,"href":"http:\/\/www.vogelsanginstitut.at\/at\/index.php?rest_route=%2Fwp%2Fv2%2Fcomments&post=3166"}],"version-history":[{"count":2,"href":"http:\/\/www.vogelsanginstitut.at\/at\/index.php?rest_route=\/wp\/v2\/pages\/3166\/revisions"}],"predecessor-version":[{"id":3169,"href":"http:\/\/www.vogelsanginstitut.at\/at\/index.php?rest_route=\/wp\/v2\/pages\/3166\/revisions\/3169"}],"wp:featuredmedia":[{"embeddable":true,"href":"http:\/\/www.vogelsanginstitut.at\/at\/index.php?rest_route=\/wp\/v2\/media\/3167"}],"wp:attachment":[{"href":"http:\/\/www.vogelsanginstitut.at\/at\/index.php?rest_route=%2Fwp%2Fv2%2Fmedia&parent=3166"}],"curies":[{"name":"wp","href":"https:\/\/api.w.org\/{rel}","templated":true}]}}

<p><strong>Symposium der Plattform zeithistorischer politischer Archive</strong></p>



<p><strong>Die Krisen der Demokratie in den 1920er und 1930er Jahren</strong></p>



<p><strong>3. – 5. November 2021, Österreichisches Volkskundemuseum, Wien 1080</strong></p>



<p>Im Rahmen eines dreitägigen wissenschaftlichen Symposiums versuchte die Plattform zeithistorischer politischer Archive, deren Gründungsmitglied das Karl von Vogelsang-Institut ist, Ursachen und Konsequenzen demokratiepolitischer Krisen der Zwischenkriegszeit zu beleuchten.</p>



<p>Aktuelle Forschungen zu länderspezifischen und gesamteuropäischen Entwicklungen machten die Aktualität der Fragestellung deutlich. Unverändert prägen ideologische Erklärungsmuster die zeitgenössische Radikalisierung der europäischen Gesellschaften. Die Länderreferate legten bewusst die Schwerpunkte hin zu Süd/Südosteuropa (Spanien, Portugal, Italien, Jugoslawien) und zu Osteuropa (Polen, Rumänien, Ungarn). Dadurch war es möglich geworden, systemrelevante Entwicklungen abseits der Dynamiken in Deutschland und in Frankreich zu skizzieren, und schließlich deren Auswirkungen auf Österreich zu beschreiben.</p>



<p>Der Plattform war es gelungen, ausgewiesene und prominente Historiker zum Symposium einzuladen und damit den aktuellen Forschungsstand zu Themen wie „Erosion der Demokratie“, „Totalitarismus und autoritäre Regime“ sowie „Faschismus in Europa der Zwischenkriegszeit“ abzubilden.</p>



<p>Die Ergebnisse und die Referate dieser Tagung werden 2022 publiziert und bilden den Abschluss einer dreiteiligen Reihe, die mit den Schwerpunkten „Die Parteien und der Erste Weltkrieg“ (2014) und „Die junge Republik. Österreich 1918/1919“ (2018) begonnen hatte.</p>



<p>Mehr als 30 Teilnehmer und Besucher der Tagung konnten begrüßt werden. Im Rahmen des Symposiums wurde auch das <strong>Digitalisierungsprojekt der Plattform „Quellenedition zur Parteiengeschichte Österreichs 1945 bis 1953“</strong> der Öffentlichkeit vorgestellt.</p>



<p>(<a href="http://www.zeithistorische-archive.at">www.zeithistorische-archive.at</a>)</p>



<figure class="wp-block-image size-large"><img decoding="async" src="blob:http://www.vogelsanginstitut.at/dc24dbba-976e-4243-b5c9-927feaf40e19" alt=""/></figure>



<p>Univ.-Prof. Dr. Walther Bernecker bei seinem beeindruckenden Referat zu Spanien.</p>

<p>Im Rahmen eines dreitägigen wissenschaftlichen Symposiums versuchte die Plattform zeithistorischer politischer Archive, deren Gründungsmitglied das Karl von Vogelsang-Institut ist, Ursachen und Konsequenzen demokratiepolitischer Krisen der Zwischenkriegszeit zu beleuchten.</p>
<p><!-- /wp:paragraph --></p>
<p><!-- wp:paragraph --></p>
<p>Aktuelle Forschungen zu länderspezifischen und gesamteuropäischen Entwicklungen machten die Aktualität der Fragestellung deutlich. Unverändert prägen ideologische Erklärungsmuster die zeitgenössische Radikalisierung der europäischen Gesellschaften. Die Länderreferate legten bewusst die Schwerpunkte hin zu Süd/Südosteuropa (Spanien, Portugal, Italien, Jugoslawien) und zu Osteuropa (Polen, Rumänien, Ungarn). Dadurch war es möglich geworden, systemrelevante Entwicklungen abseits der Dynamiken in Deutschland und in Frankreich zu skizzieren, und schließlich deren Auswirkungen auf Österreich zu beschreiben.  <a href="http://www.vogelsanginstitut.at/at/?page_id=3166">>>weiterlesen</a></p>
