{"id":3055,"date":"2021-05-03T10:20:15","date_gmt":"2021-05-03T08:20:15","guid":{"rendered":"http:\/\/www.vogelsanginstitut.at\/at\/?page_id=3055"},"modified":"2021-05-03T10:21:36","modified_gmt":"2021-05-03T08:21:36","slug":"150-geburtstag-der-christlichsozialen-bundesratspraesidentin-olga-rudel-zeynek","status":"publish","type":"page","link":"http:\/\/www.vogelsanginstitut.at\/at\/?page_id=3055","title":{"rendered":"150. Geburtstag der christlichsozialen Bundesratspr\u00e4sidentin Olga Rudel-Zeynek"},"content":{"rendered":"\n<p><strong>150. Geburtstag der christlichsozialen Bundesratspr\u00e4sidentin <\/strong><strong>Olga Rudel-Zeynek<\/strong><\/p>\n\n\n\n<p>Anl\u00e4sslich eines Besuches des Pr\u00e4sidenten des Karl von Vogelsang-Instituts, Univ.-Prof. Dr. Franz Schausberger wurde am Montag, 26. April 2021 im Parlament dem 150. Geburtstag der christlichsozialen Politikerin Olga Rudel-Zeynek gedacht.<\/p>\n\n\n\n<p>Zusammen mit dem Pr\u00e4sidenten des Bundesrates, Mag. Christian Buchmann wurde die bedeutende christlichsoziale Bundessratspr\u00e4sidentin Olga Rudel-Zeynek gew\u00fcrdigt.<\/p>\n\n\n\n<p>Die Steirerin Rudel-Zeynek wurde 1927\/28 und 1932 als erste Frau weltweit Vorsitzende einer parlamentarischen Versammlung und \u00fcbernahm somit als Bundesratspr\u00e4sidentin eine historische Pionierleistung. Im Besonderen galt das politische Wirken von Rudel-Zeynek einer modernen Sozialpolitik sowie den Rechten von Kindern und Jugendlichen.<\/p>\n\n\n\n<p>Einen ausf\u00fchrlichen Lebenslauf von Rudel-Zeynek, der mit Dokumenten aus dem Archiv des Vogelsang-Instituts erg\u00e4nzt wurde, befindet sich auf der KvVI-Homepage im Kapitel \u201eUnsere Jubilare 2021\u201c.<\/p>\n\n\n\n<figure class=\"wp-block-image size-large\"><img loading=\"lazy\" decoding=\"async\" width=\"500\" height=\"333\" src=\"http:\/\/www.vogelsanginstitut.at\/at\/wp-content\/uploads\/2021\/05\/SB1.jpg\" alt=\"\" class=\"wp-image-3054\" srcset=\"http:\/\/www.vogelsanginstitut.at\/at\/wp-content\/uploads\/2021\/05\/SB1.jpg 500w, http:\/\/www.vogelsanginstitut.at\/at\/wp-content\/uploads\/2021\/05\/SB1-300x200.jpg 300w\" sizes=\"(max-width: 500px) 100vw, 500px\" \/><figcaption><br>Pr\u00e4sident Dr. Franz Schausberger tr\u00e4gt sich ins G\u00e4stebuch des \u00d6VP-Parlamentsklubs ein (Foto: \u00d6VP Klub)<\/figcaption><\/figure>\n\n\n\n<figure class=\"wp-block-image size-large\"><img loading=\"lazy\" decoding=\"async\" width=\"500\" height=\"333\" src=\"http:\/\/www.vogelsanginstitut.at\/at\/wp-content\/uploads\/2021\/05\/SB2.jpg\" alt=\"\" class=\"wp-image-3053\" srcset=\"http:\/\/www.vogelsanginstitut.at\/at\/wp-content\/uploads\/2021\/05\/SB2.jpg 500w, http:\/\/www.vogelsanginstitut.at\/at\/wp-content\/uploads\/2021\/05\/SB2-300x200.jpg 300w\" sizes=\"(max-width: 500px) 100vw, 500px\" \/><figcaption><br>Der Pr\u00e4sident des Karl von Vogelsang-Instituts, Univ.-Prof. Dr. Franz Schausberger sowie der Pr\u00e4sident des Bundesrates, Mag. Christian Buchmann betonen die historische Bedeutung von Olga Rudel-Zeynek (Foto: \u00d6VP-Klub).<\/figcaption><\/figure>\n","protected":false},"excerpt":{"rendered":"<p>Anl\u00e4sslich eines Besuches des Pr\u00e4sidenten des Karl von Vogelsang-Instituts, Univ.-Prof. Dr. Franz Schausberger wurde am Montag, 26. April 2021 im Parlament dem 150. Geburtstag der christlichsozialen Politikerin Olga Rudel-Zeynek gedacht.<br \/>\nZusammen mit dem Pr\u00e4sidenten des Bundesrates, Mag. Christian Buchmann wurde die bedeutende christlichsoziale Bundessratspr\u00e4sidentin Olga Rudel-Zeynek gew\u00fcrdigt. <a href=\"http:\/\/www.vogelsanginstitut.at\/at\/?page_id=3055\">>>weiterlesen<\/a><\/p>\n","protected":false},"author":1,"featured_media":3053,"parent":0,"menu_order":0,"comment_status":"closed","ping_status":"closed","template":"","meta":{"footnotes":""},"_links":{"self":[{"href":"http:\/\/www.vogelsanginstitut.at\/at\/index.php?rest_route=\/wp\/v2\/pages\/3055"}],"collection":[{"href":"http:\/\/www.vogelsanginstitut.at\/at\/index.php?rest_route=\/wp\/v2\/pages"}],"about":[{"href":"http:\/\/www.vogelsanginstitut.at\/at\/index.php?rest_route=\/wp\/v2\/types\/page"}],"author":[{"embeddable":true,"href":"http:\/\/www.vogelsanginstitut.at\/at\/index.php?rest_route=\/wp\/v2\/users\/1"}],"replies":[{"embeddable":true,"href":"http:\/\/www.vogelsanginstitut.at\/at\/index.php?rest_route=%2Fwp%2Fv2%2Fcomments&post=3055"}],"version-history":[{"count":2,"href":"http:\/\/www.vogelsanginstitut.at\/at\/index.php?rest_route=\/wp\/v2\/pages\/3055\/revisions"}],"predecessor-version":[{"id":3057,"href":"http:\/\/www.vogelsanginstitut.at\/at\/index.php?rest_route=\/wp\/v2\/pages\/3055\/revisions\/3057"}],"wp:featuredmedia":[{"embeddable":true,"href":"http:\/\/www.vogelsanginstitut.at\/at\/index.php?rest_route=\/wp\/v2\/media\/3053"}],"wp:attachment":[{"href":"http:\/\/www.vogelsanginstitut.at\/at\/index.php?rest_route=%2Fwp%2Fv2%2Fmedia&parent=3055"}],"curies":[{"name":"wp","href":"https:\/\/api.w.org\/{rel}","templated":true}]}}

150. Geburtstag der christlichsozialen Bundesratspräsidentin Olga Rudel-Zeynek

<p><strong>150. Geburtstag der christlichsozialen Bundesratspräsidentin </strong><strong>Olga Rudel-Zeynek</strong></p>



<p>Anlässlich eines Besuches des Präsidenten des Karl von Vogelsang-Instituts, Univ.-Prof. Dr. Franz Schausberger wurde am Montag, 26. April 2021 im Parlament dem 150. Geburtstag der christlichsozialen Politikerin Olga Rudel-Zeynek gedacht.</p>



<p>Zusammen mit dem Präsidenten des Bundesrates, Mag. Christian Buchmann wurde die bedeutende christlichsoziale Bundessratspräsidentin Olga Rudel-Zeynek gewürdigt.</p>



<p>Die Steirerin Rudel-Zeynek wurde 1927/28 und 1932 als erste Frau weltweit Vorsitzende einer parlamentarischen Versammlung und übernahm somit als Bundesratspräsidentin eine historische Pionierleistung. Im Besonderen galt das politische Wirken von Rudel-Zeynek einer modernen Sozialpolitik sowie den Rechten von Kindern und Jugendlichen.</p>



<p>Einen ausführlichen Lebenslauf von Rudel-Zeynek, der mit Dokumenten aus dem Archiv des Vogelsang-Instituts ergänzt wurde, befindet sich auf der KvVI-Homepage im Kapitel „Unsere Jubilare 2021“.</p>



<figure class="wp-block-image size-large"><img loading="lazy" decoding="async" width="500" height="333" src="http://www.vogelsanginstitut.at/at/wp-content/uploads/2021/05/SB1.jpg" alt="" class="wp-image-3054" srcset="http://www.vogelsanginstitut.at/at/wp-content/uploads/2021/05/SB1.jpg 500w, http://www.vogelsanginstitut.at/at/wp-content/uploads/2021/05/SB1-300x200.jpg 300w" sizes="(max-width: 500px) 100vw, 500px" /><figcaption><br>Präsident Dr. Franz Schausberger trägt sich ins Gästebuch des ÖVP-Parlamentsklubs ein (Foto: ÖVP Klub)</figcaption></figure>



<figure class="wp-block-image size-large"><img loading="lazy" decoding="async" width="500" height="333" src="http://www.vogelsanginstitut.at/at/wp-content/uploads/2021/05/SB2.jpg" alt="" class="wp-image-3053" srcset="http://www.vogelsanginstitut.at/at/wp-content/uploads/2021/05/SB2.jpg 500w, http://www.vogelsanginstitut.at/at/wp-content/uploads/2021/05/SB2-300x200.jpg 300w" sizes="(max-width: 500px) 100vw, 500px" /><figcaption><br>Der Präsident des Karl von Vogelsang-Instituts, Univ.-Prof. Dr. Franz Schausberger sowie der Präsident des Bundesrates, Mag. Christian Buchmann betonen die historische Bedeutung von Olga Rudel-Zeynek (Foto: ÖVP-Klub).</figcaption></figure>

<p>Anlässlich eines Besuches des Präsidenten des Karl von Vogelsang-Instituts, Univ.-Prof. Dr. Franz Schausberger wurde am Montag, 26. April 2021 im Parlament dem 150. Geburtstag der christlichsozialen Politikerin Olga Rudel-Zeynek gedacht.<br />
Zusammen mit dem Präsidenten des Bundesrates, Mag. Christian Buchmann wurde die bedeutende christlichsoziale Bundessratspräsidentin Olga Rudel-Zeynek gewürdigt. <a href="http://www.vogelsanginstitut.at/at/?page_id=3055">>>weiterlesen</a></p>
