{"id":1692,"date":"2019-05-01T21:10:45","date_gmt":"2019-05-01T19:10:45","guid":{"rendered":"http:\/\/www.vogelsanginstitut.at\/at\/?page_id=1692"},"modified":"2026-04-29T13:20:11","modified_gmt":"2026-04-29T11:20:11","slug":"das-team","status":"publish","type":"page","link":"http:\/\/www.vogelsanginstitut.at\/at\/?page_id=1692","title":{"rendered":"\u00dcber uns"},"content":{"rendered":"\n<p><strong>Unser Selbstverst\u00e4ndnis <br><\/strong>Das Wissen um historische Zusammenh\u00e4nge bildet eine wesentliche Voraussetzung zur Bew\u00e4ltigung der politischen Herausforderungen der Gegenwart. Politische Handlungsabl\u00e4ufe k\u00f6nnen nur in einem historischen Kontext richtig verstanden und interpretiert werden. Politisches Gestaltungspotential bedarf als Voraussetzung das Wissen um die Urspr\u00fcnge und Wurzeln der eigenen Identit\u00e4t.<\/p>\n\n\n\n<p><strong>Unsere Aufgabe <br><\/strong>Aus unserem Selbstverst\u00e4ndnis heraus sehen wir es als unsere Hauptaufgabe an, den wechselseitigen Kontakt zwischen Politik und Zeitgeschichte herzustellen bzw. zu vertiefen. Das Karl von Vogelsang-Institut verwahrt zahlreiche zentrale Archivbest\u00e4nde zur Geschichte der Christdemokratie in \u00d6sterreich, darunter das Archiv der \u00d6sterreichischen Volkspartei, Teile des Archivs der Christlich Sozialen Partei, das Archiv der Europ\u00e4isch Demokratischen Union (EDU) und bedeutende Politikernachl\u00e4sse. Dadurch ist das Karl von Vogelsang-Institut ein Ged\u00e4chtnisspeicher, der seine Aufgabe auch darin sieht, bewusstseinspr\u00e4gend f\u00fcr die Geschichte der Christdemokratie in \u00d6sterreich und ihrer f\u00fchrender Repr\u00e4sentanten zu sein. Diesen Aufgaben wird das Institut durch Seminare, Veranstaltungen, wissenschaftliche Vortr\u00e4ge sowie Publikationen gerecht.<\/p>\n\n\n\n<p><strong>Unsere Zielgruppen <br><\/strong>Unser Angebot richtet sich an alle geschichtsbewussten Personen, insbesondere an Historiker und Wissenschafter sowie Studenten, die sich mit der Entwicklung der christlichen Demokratie in Europa auseinandersetzen.<\/p>\n\n\n\n<p><\/p>\n\n\n\n<p><strong>Team<\/strong><\/p>\n\n\n\n<div class=\"wp-block-columns is-layout-flex wp-container-core-columns-is-layout-1 wp-block-columns-is-layout-flex\">\n<div class=\"wp-block-column is-layout-flow wp-block-column-is-layout-flow\">\n<figure class=\"wp-block-image alignfull size-full is-style-default\"><img loading=\"lazy\" decoding=\"async\" width=\"488\" height=\"326\" src=\"https:\/\/www.vogelsanginstitut.at\/at\/wp-content\/uploads\/2026\/04\/kvvi_schausberger_portraithp.png\" alt=\"\" class=\"wp-image-4743\" srcset=\"http:\/\/www.vogelsanginstitut.at\/at\/wp-content\/uploads\/2026\/04\/kvvi_schausberger_portraithp.png 488w, http:\/\/www.vogelsanginstitut.at\/at\/wp-content\/uploads\/2026\/04\/kvvi_schausberger_portraithp-300x200.png 300w\" sizes=\"(max-width: 488px) 100vw, 488px\" \/><figcaption class=\"wp-element-caption\"><strong>Pr\u00e4sident<\/strong> <br>Univ.-Prof. Dr. Franz Schausberger <br>e-mail: <a href=\"mailto:h.wohnout@kvvi.at\">f.schausberger@kvvi.at<\/a><br><a href=\"http:\/\/vogelsanginstitut.at\/at\/wp-content\/uploads\/2020\/05\/CV_FS.pdf\" target=\"_blank\" rel=\"noreferrer noopener\">Lebenslauf<\/a><br><a href=\"http:\/\/vogelsanginstitut.at\/at\/wp-content\/uploads\/2020\/05\/Publikationsverzeichnis_FS.pdf\" target=\"_blank\" rel=\"noreferrer noopener\">Publikationsverzeichnis<\/a><\/figcaption><\/figure>\n<\/div>\n\n\n\n<div class=\"wp-block-column is-layout-flow wp-block-column-is-layout-flow\">\n<figure class=\"wp-block-image alignfull size-full is-style-default\"><a href=\"https:\/\/www.vogelsanginstitut.at\/at\/wp-content\/uploads\/2026\/04\/CV_Schoenner-2025.pdf\" target=\"_blank\" rel=\"noopener\"><img loading=\"lazy\" decoding=\"async\" width=\"488\" height=\"326\" src=\"http:\/\/www.vogelsanginstitut.at\/at\/wp-content\/uploads\/2020\/06\/js_1.jpg\" alt=\"\" class=\"wp-image-2705\" srcset=\"http:\/\/www.vogelsanginstitut.at\/at\/wp-content\/uploads\/2020\/06\/js_1.jpg 488w, http:\/\/www.vogelsanginstitut.at\/at\/wp-content\/uploads\/2020\/06\/js_1-300x200.jpg 300w\" sizes=\"(max-width: 488px) 100vw, 488px\" \/><\/a><figcaption class=\"wp-element-caption\"><strong>Gesch\u00e4ftsf\u00fchrer<\/strong><br>Professor Dr. Johannes Sch\u00f6nner<br> e-mail: <a href=\"mailto:h.wohnout@kvvi.at\">j.schoenner@kvvi.at<\/a><br><a href=\"http:\/\/www.vogelsanginstitut.at\/at\/wp-content\/uploads\/2026\/04\/CV_Schoenner-2025.pdf\" target=\"_blank\" rel=\"noreferrer noopener\">Lebenslauf<br>Publikationsverzeichnis<\/a><\/figcaption><\/figure>\n<\/div>\n<\/div>\n\n\n\n<hr class=\"wp-block-separator has-alpha-channel-opacity is-style-wide\"\/>\n\n\n\n<p><strong>Vorstand:<\/strong><\/p>\n\n\n\n<p>LH a.D. Univ.-Prof. Dr. Franz Schausberger (Pr\u00e4sident)<\/p>\n\n\n\n<p>Dr. Dietmar Halper (Vizepr\u00e4sident)<\/p>\n\n\n\n<p>Mag. Caroline Hungerl\u00e4nder<\/p>\n\n\n\n<p>Meinhard Friedl MBA (Finanzreferent)<\/p>\n\n\n\n<p>Prof. Dr. Johannes Sch\u00f6nner (Gesch\u00e4ftsf\u00fchrer)<\/p>\n\n\n\n<hr class=\"wp-block-separator has-alpha-channel-opacity is-style-wide\"\/>\n\n\n\n<p><strong>Mitglieder des Wissenschaftlichen Beirats:<\/strong><\/p>\n\n\n\n<div class=\"wp-block-columns is-layout-flex wp-container-core-columns-is-layout-2 wp-block-columns-is-layout-flex\">\n<div class=\"wp-block-column is-layout-flow wp-block-column-is-layout-flow\">\n<p>LH a.D. Univ.-Prof. Dr. Franz Schausberger (Vorsitzender)<\/p>\n\n\n\n<p>Prof. Dr. Johannes Sch\u00f6nner (Gesch\u00e4ftsf\u00fchrer)<\/p>\n\n\n\n<p>Univ.-Prof. Dr. Anita Ziegerhofer&nbsp;<\/p>\n\n\n\n<p>Univ.-Prof. Dr. Michael Gehler&nbsp;<\/p>\n\n\n\n<p>Prof. Dr. Michael Dippelreiter<\/p>\n\n\n\n<p>GD a.D. Prof. Dr. Lorenz Mikoletzky&nbsp;<\/p>\n\n\n\n<p>MMag. Dr. Erik Kroiher<\/p>\n\n\n\n<p>Dr. Hubert Nowak&nbsp;<\/p>\n\n\n\n<p>Mag. Stefan Riedl&nbsp;<\/p>\n\n\n\n<p>Univ.-Doz. Dr. Andreas Weigl <\/p>\n<\/div>\n\n\n\n<div class=\"wp-block-column is-layout-flow wp-block-column-is-layout-flow\">\n<p>Dr. Harald Fiedler&nbsp;<\/p>\n\n\n\n<p>LAbg. Mag. Caroline Hungerl\u00e4nder&nbsp;<\/p>\n\n\n\n<p>Dr. Stefan Eminger&nbsp;<\/p>\n\n\n\n<p>Mag. Dr. Reinhard Gruber&nbsp;<\/p>\n\n\n\n<p>Dr. Andrea Brait<\/p>\n\n\n\n<p>Dr. Kurt Bauer<\/p>\n\n\n\n<p>Dr. Matthias Kaltenegger<\/p>\n\n\n\n<p>DDr. Michael Wladika<\/p>\n\n\n\n<p>Dr. Stefan Wedrac<\/p>\n<\/div>\n<\/div>\n\n\n\n<hr class=\"wp-block-separator has-alpha-channel-opacity is-style-wide\"\/>\n\n\n\n<div class=\"wp-block-columns is-layout-flex wp-container-core-columns-is-layout-3 wp-block-columns-is-layout-flex\">\n<div class=\"wp-block-column is-layout-flow wp-block-column-is-layout-flow\">\n<p><strong>Rechnungspr\u00fcfer:<\/strong><\/p>\n\n\n\n<p>Mag. Christian Domany<\/p>\n\n\n\n<p>Pr\u00e4sident a.D. Fritz Neugebauer&nbsp;<\/p>\n\n\n\n<p>RA Dr. Karl Sch\u00f6n<\/p>\n<\/div>\n\n\n\n<div class=\"wp-block-column is-layout-flow wp-block-column-is-layout-flow\">\n<p><strong>Schiedsgericht:<\/strong><\/p>\n\n\n\n<p>Univ.-Prof. Dr. Walter Summersberger<\/p>\n\n\n\n<p>Abg. NR a.D. GD Mag. Andreas Zakostelsky&nbsp;<\/p>\n\n\n\n<p>RA DDr. J\u00f6rg Zehetner<\/p>\n<\/div>\n<\/div>\n","protected":false},"excerpt":{"rendered":"<p>Unser Selbstverst\u00e4ndnis Das Wissen um historische Zusammenh\u00e4nge bildet eine wesentliche Voraussetzung zur Bew\u00e4ltigung der politischen Herausforderungen der Gegenwart. Politische Handlungsabl\u00e4ufe k\u00f6nnen nur in einem historischen Kontext richtig verstanden und interpretiert &#8230;<\/p>\n","protected":false},"author":1,"featured_media":0,"parent":0,"menu_order":0,"comment_status":"closed","ping_status":"closed","template":"","meta":{"footnotes":""},"_links":{"self":[{"href":"http:\/\/www.vogelsanginstitut.at\/at\/index.php?rest_route=\/wp\/v2\/pages\/1692"}],"collection":[{"href":"http:\/\/www.vogelsanginstitut.at\/at\/index.php?rest_route=\/wp\/v2\/pages"}],"about":[{"href":"http:\/\/www.vogelsanginstitut.at\/at\/index.php?rest_route=\/wp\/v2\/types\/page"}],"author":[{"embeddable":true,"href":"http:\/\/www.vogelsanginstitut.at\/at\/index.php?rest_route=\/wp\/v2\/users\/1"}],"replies":[{"embeddable":true,"href":"http:\/\/www.vogelsanginstitut.at\/at\/index.php?rest_route=%2Fwp%2Fv2%2Fcomments&post=1692"}],"version-history":[{"count":22,"href":"http:\/\/www.vogelsanginstitut.at\/at\/index.php?rest_route=\/wp\/v2\/pages\/1692\/revisions"}],"predecessor-version":[{"id":4749,"href":"http:\/\/www.vogelsanginstitut.at\/at\/index.php?rest_route=\/wp\/v2\/pages\/1692\/revisions\/4749"}],"wp:attachment":[{"href":"http:\/\/www.vogelsanginstitut.at\/at\/index.php?rest_route=%2Fwp%2Fv2%2Fmedia&parent=1692"}],"curies":[{"name":"wp","href":"https:\/\/api.w.org\/{rel}","templated":true}]}}

Über uns

<p><strong>Unser Selbstverständnis <br></strong>Das Wissen um historische Zusammenhänge bildet eine wesentliche Voraussetzung zur Bewältigung der politischen Herausforderungen der Gegenwart. Politische Handlungsabläufe können nur in einem historischen Kontext richtig verstanden und interpretiert werden. Politisches Gestaltungspotential bedarf als Voraussetzung das Wissen um die Ursprünge und Wurzeln der eigenen Identität.</p>



<p><strong>Unsere Aufgabe <br></strong>Aus unserem Selbstverständnis heraus sehen wir es als unsere Hauptaufgabe an, den wechselseitigen Kontakt zwischen Politik und Zeitgeschichte herzustellen bzw. zu vertiefen. Das Karl von Vogelsang-Institut verwahrt zahlreiche zentrale Archivbestände zur Geschichte der Christdemokratie in Österreich, darunter das Archiv der Österreichischen Volkspartei, Teile des Archivs der Christlich Sozialen Partei, das Archiv der Europäisch Demokratischen Union (EDU) und bedeutende Politikernachlässe. Dadurch ist das Karl von Vogelsang-Institut ein Gedächtnisspeicher, der seine Aufgabe auch darin sieht, bewusstseinsprägend für die Geschichte der Christdemokratie in Österreich und ihrer führender Repräsentanten zu sein. Diesen Aufgaben wird das Institut durch Seminare, Veranstaltungen, wissenschaftliche Vorträge sowie Publikationen gerecht.</p>



<p><strong>Unsere Zielgruppen <br></strong>Unser Angebot richtet sich an alle geschichtsbewussten Personen, insbesondere an Historiker und Wissenschafter sowie Studenten, die sich mit der Entwicklung der christlichen Demokratie in Europa auseinandersetzen.</p>



<p></p>



<p><strong>Team</strong></p>



<div class="wp-block-columns is-layout-flex wp-container-core-columns-is-layout-1 wp-block-columns-is-layout-flex">
<div class="wp-block-column is-layout-flow wp-block-column-is-layout-flow">
<figure class="wp-block-image alignfull size-full is-style-default"><img loading="lazy" decoding="async" width="488" height="326" src="https://www.vogelsanginstitut.at/at/wp-content/uploads/2026/04/kvvi_schausberger_portraithp.png" alt="" class="wp-image-4743" srcset="http://www.vogelsanginstitut.at/at/wp-content/uploads/2026/04/kvvi_schausberger_portraithp.png 488w, http://www.vogelsanginstitut.at/at/wp-content/uploads/2026/04/kvvi_schausberger_portraithp-300x200.png 300w" sizes="(max-width: 488px) 100vw, 488px" /><figcaption class="wp-element-caption"><strong>Präsident</strong> <br>Univ.-Prof. Dr. Franz Schausberger <br>e-mail: <a href="mailto:h.wohnout@kvvi.at">f.schausberger@kvvi.at</a><br><a href="http://vogelsanginstitut.at/at/wp-content/uploads/2020/05/CV_FS.pdf" target="_blank" rel="noreferrer noopener">Lebenslauf</a><br><a href="http://vogelsanginstitut.at/at/wp-content/uploads/2020/05/Publikationsverzeichnis_FS.pdf" target="_blank" rel="noreferrer noopener">Publikationsverzeichnis</a></figcaption></figure>
</div>



<div class="wp-block-column is-layout-flow wp-block-column-is-layout-flow">
<figure class="wp-block-image alignfull size-full is-style-default"><a href="https://www.vogelsanginstitut.at/at/wp-content/uploads/2026/04/CV_Schoenner-2025.pdf" target="_blank" rel="noopener"><img loading="lazy" decoding="async" width="488" height="326" src="http://www.vogelsanginstitut.at/at/wp-content/uploads/2020/06/js_1.jpg" alt="" class="wp-image-2705" srcset="http://www.vogelsanginstitut.at/at/wp-content/uploads/2020/06/js_1.jpg 488w, http://www.vogelsanginstitut.at/at/wp-content/uploads/2020/06/js_1-300x200.jpg 300w" sizes="(max-width: 488px) 100vw, 488px" /></a><figcaption class="wp-element-caption"><strong>Geschäftsführer</strong><br>Professor Dr. Johannes Schönner<br> e-mail: <a href="mailto:h.wohnout@kvvi.at">j.schoenner@kvvi.at</a><br><a href="http://www.vogelsanginstitut.at/at/wp-content/uploads/2026/04/CV_Schoenner-2025.pdf" target="_blank" rel="noreferrer noopener">Lebenslauf<br>Publikationsverzeichnis</a></figcaption></figure>
</div>
</div>



<hr class="wp-block-separator has-alpha-channel-opacity is-style-wide"/>



<p><strong>Vorstand:</strong></p>



<p>LH a.D. Univ.-Prof. Dr. Franz Schausberger (Präsident)</p>



<p>Dr. Dietmar Halper (Vizepräsident)</p>



<p>Mag. Caroline Hungerländer</p>



<p>Meinhard Friedl MBA (Finanzreferent)</p>



<p>Prof. Dr. Johannes Schönner (Geschäftsführer)</p>



<hr class="wp-block-separator has-alpha-channel-opacity is-style-wide"/>



<p><strong>Mitglieder des Wissenschaftlichen Beirats:</strong></p>



<div class="wp-block-columns is-layout-flex wp-container-core-columns-is-layout-2 wp-block-columns-is-layout-flex">
<div class="wp-block-column is-layout-flow wp-block-column-is-layout-flow">
<p>LH a.D. Univ.-Prof. Dr. Franz Schausberger (Vorsitzender)</p>



<p>Prof. Dr. Johannes Schönner (Geschäftsführer)</p>



<p>Univ.-Prof. Dr. Anita Ziegerhofer&nbsp;</p>



<p>Univ.-Prof. Dr. Michael Gehler&nbsp;</p>



<p>Prof. Dr. Michael Dippelreiter</p>



<p>GD a.D. Prof. Dr. Lorenz Mikoletzky&nbsp;</p>



<p>MMag. Dr. Erik Kroiher</p>



<p>Dr. Hubert Nowak&nbsp;</p>



<p>Mag. Stefan Riedl&nbsp;</p>



<p>Univ.-Doz. Dr. Andreas Weigl </p>
</div>



<div class="wp-block-column is-layout-flow wp-block-column-is-layout-flow">
<p>Dr. Harald Fiedler&nbsp;</p>



<p>LAbg. Mag. Caroline Hungerländer&nbsp;</p>



<p>Dr. Stefan Eminger&nbsp;</p>



<p>Mag. Dr. Reinhard Gruber&nbsp;</p>



<p>Dr. Andrea Brait</p>



<p>Dr. Kurt Bauer</p>



<p>Dr. Matthias Kaltenegger</p>



<p>DDr. Michael Wladika</p>



<p>Dr. Stefan Wedrac</p>
</div>
</div>



<hr class="wp-block-separator has-alpha-channel-opacity is-style-wide"/>



<div class="wp-block-columns is-layout-flex wp-container-core-columns-is-layout-3 wp-block-columns-is-layout-flex">
<div class="wp-block-column is-layout-flow wp-block-column-is-layout-flow">
<p><strong>Rechnungsprüfer:</strong></p>



<p>Mag. Christian Domany</p>



<p>Präsident a.D. Fritz Neugebauer&nbsp;</p>



<p>RA Dr. Karl Schön</p>
</div>



<div class="wp-block-column is-layout-flow wp-block-column-is-layout-flow">
<p><strong>Schiedsgericht:</strong></p>



<p>Univ.-Prof. Dr. Walter Summersberger</p>



<p>Abg. NR a.D. GD Mag. Andreas Zakostelsky&nbsp;</p>



<p>RA DDr. Jörg Zehetner</p>
</div>
</div>

<p>Unser Selbstverständnis Das Wissen um historische Zusammenhänge bildet eine wesentliche Voraussetzung zur Bewältigung der politischen Herausforderungen der Gegenwart. Politische Handlungsabläufe können nur in einem historischen Kontext richtig verstanden und interpretiert &#8230;</p>
